{"id":1763,"date":"2019-11-01T22:16:02","date_gmt":"2019-11-01T21:16:02","guid":{"rendered":"http:\/\/test.trinitedeleraudiere.fr\/?page_id=42"},"modified":"2025-09-23T11:56:58","modified_gmt":"2025-09-23T09:56:58","slug":"pastorale-des-enfants","status":"publish","type":"page","link":"https:\/\/tejg.org\/?page_id=1763","title":{"rendered":"Cat\u00e9ch\u00e8se primaire"},"content":{"rendered":"\n<p>La cat\u00e9ch\u00e8se est propos\u00e9e aux enfants du CE2 au CM2 inclus. Les rencontres ont lieu tous les quinze jours environ, selon un planning communiqu\u00e9 lors des permanences d&rsquo;inscription (d\u00e9but septembre). Un pr\u00e9-cat\u00e9 est \u00e9galement possible pour les enfants du CE1 (une rencontre mensuelle le dimanche avant la messe).<\/p>\n\n\n\n<p>A compter de la deuxi\u00e8me ann\u00e9e de cat\u00e9ch\u00e8se, les enfants ont la possibilit\u00e9 de se pr\u00e9parer \u00e0 la premi\u00e8re communion. Quant aux enfants non baptis\u00e9s, ils peuvent se pr\u00e9parer en \u00e9quipe \u00e0 la fois au bapt\u00eame et \u00e0 la premi\u00e8re communion.<\/p>\n\n\n\n<p>Contact Gilles Baudry <a href=\"mailto:cate@paroissestjogeo.com\">cate@tejg.org<\/a><\/p>\n\n\n\n<figure class=\"wp-block-image aligncenter size-large is-resized\"><a href=\"https:\/\/tejg.org\/wp-content\/uploads\/2024\/09\/2024-2025-flyer-cate-MDF-EVF-1-1.jpg\"><img decoding=\"async\" src=\"https:\/\/tejg.org\/wp-content\/uploads\/2024\/09\/2024-2025-flyer-cate-MDF-EVF-1-1-724x1024.jpg\" alt=\"\" class=\"wp-image-1699\" style=\"width:630px;height:auto\"\/><\/a><\/figure>\n\n\n\n<p>Autres propositions<\/p>\n\n\n\n<figure class=\"wp-block-image aligncenter size-large\"><img decoding=\"async\" src=\"https:\/\/trinitedeleraudiere.fr\/wp-content\/uploads\/2024\/10\/Affiche-flyer-Liturgie-enfants-24-25-3-724x1024.jpg\" alt=\"\" class=\"wp-image-1734\"\/><\/figure>\n","protected":false},"excerpt":{"rendered":"<p>La cat\u00e9ch\u00e8se est propos\u00e9e aux enfants du CE2 au CM2 inclus. Les rencontres ont lieu tous les quinze jours environ, selon un planning communiqu\u00e9 lors des permanences d&rsquo;inscription (d\u00e9but septembre). Un pr\u00e9-cat\u00e9 est \u00e9galement possible pour les enfants du CE1 (une rencontre mensuelle le dimanche avant la messe). A compter de la deuxi\u00e8me ann\u00e9e de [&hellip;]<\/p>\n","protected":false},"author":1,"featured_media":0,"parent":1761,"menu_order":2,"comment_status":"closed","ping_status":"closed","template":"","meta":{"footnotes":""},"class_list":["post-1763","page","type-page","status-publish","hentry"],"publishpress_future_action":{"enabled":false,"date":"2026-04-28 10:40:57","action":"change-status","newStatus":"draft","terms":[],"taxonomy":"","extraData":[]},"publishpress_future_workflow_manual_trigger":{"enabledWorkflows":[]},"_links":{"self":[{"href":"https:\/\/tejg.org\/index.php?rest_route=\/wp\/v2\/pages\/1763","targetHints":{"allow":["GET"]}}],"collection":[{"href":"https:\/\/tejg.org\/index.php?rest_route=\/wp\/v2\/pages"}],"about":[{"href":"https:\/\/tejg.org\/index.php?rest_route=\/wp\/v2\/types\/page"}],"author":[{"embeddable":true,"href":"https:\/\/tejg.org\/index.php?rest_route=\/wp\/v2\/users\/1"}],"replies":[{"embeddable":true,"href":"https:\/\/tejg.org\/index.php?rest_route=%2Fwp%2Fv2%2Fcomments&post=1763"}],"version-history":[{"count":2,"href":"https:\/\/tejg.org\/index.php?rest_route=\/wp\/v2\/pages\/1763\/revisions"}],"predecessor-version":[{"id":2697,"href":"https:\/\/tejg.org\/index.php?rest_route=\/wp\/v2\/pages\/1763\/revisions\/2697"}],"up":[{"embeddable":true,"href":"https:\/\/tejg.org\/index.php?rest_route=\/wp\/v2\/pages\/1761"}],"wp:attachment":[{"href":"https:\/\/tejg.org\/index.php?rest_route=%2Fwp%2Fv2%2Fmedia&parent=1763"}],"curies":[{"name":"wp","href":"https:\/\/api.w.org\/{rel}","templated":true}]}}