{"id":1767,"date":"2019-11-01T22:27:30","date_gmt":"2019-11-01T21:27:30","guid":{"rendered":"http:\/\/test.trinitedeleraudiere.fr\/?page_id=50"},"modified":"2026-05-03T20:56:02","modified_gmt":"2026-05-03T18:56:02","slug":"celebrer-le-passage","status":"publish","type":"page","link":"https:\/\/tejg.org\/?page_id=1767","title":{"rendered":"C\u00e9l\u00e9brer le passage"},"content":{"rendered":"\n<p>L\u2019\u00c9glise propose d\u2019accueillir les familles qui d\u00e9sirent c\u00e9l\u00e9brer la s\u00e9pulture de leur proche dans l\u2019esp\u00e9rance chr\u00e9tienne. Cette foi en la R\u00e9surrection n\u2019est pas \u00e9vidente. Bien souvent des questions, des doutes et des r\u00e9voltes surgissent \u00e0 l\u2019occasion de la mort de ceux que l\u2019on aime. Les personnes qui aident les familles \u00e0 pr\u00e9parer la c\u00e9l\u00e9bration des obs\u00e8ques tentent d\u2019\u00eatre \u00e0 l\u2019\u00e9coute, respectueuses du chemin et des convictions de chacun. La foi ne peut \u00eatre que propos\u00e9e, jamais impos\u00e9e.<\/p>\n\n\n\n<p>Une \u00e9quipe de chr\u00e9tiens re\u00e7oit donc la famille du d\u00e9funt dans l\u2019une ou l\u2019autre des \u00e9glises (l\u00e0 o\u00f9 sera c\u00e9l\u00e9br\u00e9e la s\u00e9pulture), apr\u00e8s avoir pris rendez-vous avec elle. Souvent un pr\u00eatre est l\u00e0, mais pas toujours.<\/p>\n\n\n\n<p>La conduite de la c\u00e9l\u00e9bration de s\u00e9pulture peut \u00eatre assur\u00e9e par un pr\u00eatre ou par un \u00ab\u00a0la\u00efc\u00a0\u00bb : un homme ou une femme qui a re\u00e7u une lettre de mission de l\u2019\u00e9v\u00eaque pour assurer ce service.<\/p>\n\n\n\n<p>\u00c0 la messe du dimanche qui suit, la communaut\u00e9 chr\u00e9tienne porte dans sa pri\u00e8re les personnes qui nous ont quitt\u00e9s, sp\u00e9cialement celles dont on a c\u00e9l\u00e9br\u00e9 la s\u00e9pulture la semaine pass\u00e9e.<\/p>\n\n\n\n<p>Lors d\u2019un d\u00e9c\u00e8s, les familles contactent en g\u00e9n\u00e9ral une entreprise de Pompes Fun\u00e8bres qui assure le lien avec la paroisse si une c\u00e9l\u00e9bration \u00e0 l\u2019Eglise est demand\u00e9e. Mais les familles peuvent aussi pr\u00e9venir d\u00e8s que possible le pr\u00eatre ou une personne \u00e0 l\u2019accueil de nos \u00e9glises.<\/p>\n\n\n\n<p>De toute fa\u00e7on, c\u2019est un appel \u00e0 accompagner ceux et celles qui sont malades, en fin de vie, pour que la pri\u00e8re de l\u2019\u00c9glise, par une visite, s\u2019exerce avant m\u00eame ce moment du passage vers l\u2019au-del\u00e0 en Dieu !<\/p>\n\n\n\n<p>Contact: <strong><em><a href=\"mailto:paroisse@tejg.org\">paroisse@tejg.org<\/a><\/em><\/strong><\/p>\n","protected":false},"excerpt":{"rendered":"<p>L\u2019\u00c9glise propose d\u2019accueillir les familles qui d\u00e9sirent c\u00e9l\u00e9brer la s\u00e9pulture de leur proche dans l\u2019esp\u00e9rance chr\u00e9tienne. Cette foi en la R\u00e9surrection n\u2019est pas \u00e9vidente. Bien souvent des questions, des doutes et des r\u00e9voltes surgissent \u00e0 l\u2019occasion de la mort de ceux que l\u2019on aime. Les personnes qui aident les familles \u00e0 pr\u00e9parer la c\u00e9l\u00e9bration des [&hellip;]<\/p>\n","protected":false},"author":1,"featured_media":0,"parent":1761,"menu_order":6,"comment_status":"closed","ping_status":"closed","template":"","meta":{"footnotes":""},"class_list":["post-1767","page","type-page","status-publish","hentry"],"publishpress_future_action":{"enabled":false,"date":"2026-05-13 12:10:36","action":"change-status","newStatus":"draft","terms":[],"taxonomy":"","extraData":[]},"publishpress_future_workflow_manual_trigger":{"enabledWorkflows":[]},"_links":{"self":[{"href":"https:\/\/tejg.org\/index.php?rest_route=\/wp\/v2\/pages\/1767","targetHints":{"allow":["GET"]}}],"collection":[{"href":"https:\/\/tejg.org\/index.php?rest_route=\/wp\/v2\/pages"}],"about":[{"href":"https:\/\/tejg.org\/index.php?rest_route=\/wp\/v2\/types\/page"}],"author":[{"embeddable":true,"href":"https:\/\/tejg.org\/index.php?rest_route=\/wp\/v2\/users\/1"}],"replies":[{"embeddable":true,"href":"https:\/\/tejg.org\/index.php?rest_route=%2Fwp%2Fv2%2Fcomments&post=1767"}],"version-history":[{"count":2,"href":"https:\/\/tejg.org\/index.php?rest_route=\/wp\/v2\/pages\/1767\/revisions"}],"predecessor-version":[{"id":3085,"href":"https:\/\/tejg.org\/index.php?rest_route=\/wp\/v2\/pages\/1767\/revisions\/3085"}],"up":[{"embeddable":true,"href":"https:\/\/tejg.org\/index.php?rest_route=\/wp\/v2\/pages\/1761"}],"wp:attachment":[{"href":"https:\/\/tejg.org\/index.php?rest_route=%2Fwp%2Fv2%2Fmedia&parent=1767"}],"curies":[{"name":"wp","href":"https:\/\/api.w.org\/{rel}","templated":true}]}}