{"id":2,"date":"2024-10-21T21:49:42","date_gmt":"2024-10-21T19:49:42","guid":{"rendered":"https:\/\/tejg.org\/?page_id=2"},"modified":"2026-05-03T19:55:39","modified_gmt":"2026-05-03T17:55:39","slug":"page-d-exemple","status":"publish","type":"page","link":"https:\/\/tejg.org\/?page_id=2","title":{"rendered":"Les \u00e9quipes"},"content":{"rendered":"\n<h2 class=\"wp-block-heading\">L&rsquo;\u00e9quipe pastorale<\/h2>\n\n\n\n<figure class=\"wp-block-table\"><table><tbody><tr><td>Philippe RIO, cur\u00e9<\/td><\/tr><tr><td>Gilles BAUDRY, coop\u00e9rateur<\/td><\/tr><tr><td>Jacques ANDR\u00c9, auxiliaire<\/td><\/tr><tr><td>Guy AUBIN, diacre<\/td><\/tr><tr><td>Alain GAUDEUL, coordinateur pastoral paroissial<\/td><\/tr><\/tbody><\/table><\/figure>\n\n\n\n<h2 class=\"wp-block-heading\">L&rsquo;\u00e9quipe d&rsquo;animation pastorale<\/h2>\n\n\n\n<div class=\"wp-block-columns is-layout-flex wp-container-core-columns-is-layout-28f84493 wp-block-columns-is-layout-flex\">\n<div class=\"wp-block-column is-layout-flow wp-block-column-is-layout-flow\" style=\"flex-basis:100%\">\n<figure class=\"wp-block-table\"><table class=\"has-fixed-layout\"><tbody><tr><td>Philippe RIO, cur\u00e9<\/td><\/tr><tr><td>Gilles BAUDRY, coop\u00e9rateur<\/td><\/tr><tr><td>Alain GAUDEUL, coordinateur pastoral paroissial<\/td><\/tr><tr><td>Mich\u00e8le MATEJKA, membre<\/td><\/tr><tr><td>Isabelle CLAVIER, membre<\/td><\/tr><tr><td>Claire DAVID, membre<\/td><\/tr><tr><td>Muriel KLEIN, secr\u00e9taire administrative<\/td><\/tr><\/tbody><\/table><\/figure>\n<\/div>\n<\/div>\n\n\n\n<h2 class=\"wp-block-heading\">Le conseil paroissial missionnaire (CPM)<\/h2>\n\n\n\n<figure class=\"wp-block-table\"><table class=\"has-fixed-layout\"><tbody><tr><td><strong><mark style=\"background-color:rgba(0, 0, 0, 0)\" class=\"has-inline-color has-accent-3-color\">Philippe RIO, cur\u00e9<\/mark><\/strong><\/td><\/tr><tr><td>Gilles BAUDRY, coop\u00e9rateur<\/td><\/tr><tr><td><mark style=\"background-color:rgba(0, 0, 0, 0)\" class=\"has-inline-color has-accent-3-color\"><strong>\u00c9ric AFOUTOU KOMIVI<\/strong><\/mark><\/td><\/tr><tr><td>Claude BESSON<\/td><\/tr><tr><td>Fran\u00e7ois BOUVATTIER<\/td><\/tr><tr><td>Basile B\u00c9NI\u00c9<\/td><\/tr><tr><td>Daniel CHAUVET<\/td><\/tr><tr><td><strong><mark style=\"background-color:rgba(0, 0, 0, 0)\" class=\"has-inline-color has-accent-3-color\">Isabelle CLAVIER<\/mark><\/strong><\/td><\/tr><tr><td>Claire DAVID<\/td><\/tr><tr><td>Timoth\u00e9e DOBOZY<\/td><\/tr><tr><td>Alain GAUDEUL, coordinateur pastoral paroissial<\/td><\/tr><tr><td>Joshua GUICHARD<\/td><\/tr><tr><td>S\u00e9bastien HELBECQUE<\/td><\/tr><tr><td>Solange HIBON<\/td><\/tr><tr><td>Olivier KLEIN<\/td><\/tr><tr><td>Fabien MARINONI<\/td><\/tr><tr><td>Marcelle NGO-NGOM<\/td><\/tr><tr><td>S\u00e9bastien NADAL<\/td><\/tr><tr><td>Edwige OUAKANGA<\/td><\/tr><tr><td>Brigitte PATISSIER<\/td><\/tr><tr><td>\u00c9tienne POURCHER<\/td><\/tr><tr><td>Camille ROUXEL<\/td><\/tr><tr><td>Gloire Oc\u00e9anne TCHIBINDA<\/td><\/tr><\/tbody><\/table><\/figure>\n\n\n\n<p><strong><mark style=\"background-color:rgba(0, 0, 0, 0)\" class=\"has-inline-color has-accent-3-color\">En rouge les membres du bureau<\/mark><\/strong><\/p>\n\n\n\n<h2 class=\"wp-block-heading\">Les deux conseils pour les affaires \u00e9conomiques paroissiales<\/h2>\n\n\n\n<div class=\"wp-block-columns is-layout-flex wp-container-core-columns-is-layout-28f84493 wp-block-columns-is-layout-flex\">\n<div class=\"wp-block-column is-layout-flow wp-block-column-is-layout-flow\" style=\"flex-basis:100%\">\n<figure class=\"wp-block-table\"><table><tbody><tr><td>Philippe RIO, cur\u00e9<\/td><\/tr><tr><td>Sr Mich\u00e8le MATEJKA, \u00e9conome, St Joseph-St Georges<\/td><\/tr><tr><td>G\u00e9rard M\u00c9REL, \u00e9conome, Trinit\u00e9 de l&rsquo;\u00c9raudi\u00e8re<\/td><\/tr><tr><td>Michel VOISIN, \u00e9conome, Trinit\u00e9 de l&rsquo;\u00c9raudi\u00e8re<\/td><\/tr><tr><td>Alain SCHMITT, \u00e9conome stagiaire, ensemble paroissial<\/td><\/tr><tr><td>Jannick CATTONI, Trinit\u00e9 de l&rsquo;\u00c9raudi\u00e8re<\/td><\/tr><tr><td>Marie-H\u00e9l\u00e8ne DAVID, St Joseph-St Georges<\/td><\/tr><tr><td>\u00c9ric GAUDY, St Joseph-St Georges<\/td><\/tr><tr><td>Brigitte GOUY, St Joseph-St Georges<\/td><\/tr><tr><td>Daniel GOUY, St Joseph-St Georges<\/td><\/tr><tr><td>Olivier KLEIN, St Joseph-St Georges<\/td><\/tr><tr><td>Alain LEPAROUX, St Joseph-St Georges<\/td><\/tr><tr><td>Michel LUCAS, Trinit\u00e9 de l&rsquo;\u00c9raudi\u00e8re<\/td><\/tr><tr><td>S\u00e9bastien NADAL, St Joseph-St Georges<\/td><\/tr><tr><td>Thomas , St Joseph-St Georges<\/td><\/tr><tr><td>Philippe RIO, Trinit\u00e9 de l&rsquo;\u00c9raudi\u00e8re<\/td><\/tr><\/tbody><\/table><\/figure>\n<\/div>\n<\/div>\n\n\n\n<h2 class=\"wp-block-heading\">Et plus de 200 autres b\u00e9n\u00e9voles \u00e0 votre service<\/h2>\n","protected":false},"excerpt":{"rendered":"<p>L&rsquo;\u00e9quipe pastorale Philippe RIO, cur\u00e9 Gilles BAUDRY, coop\u00e9rateur Jacques ANDR\u00c9, auxiliaire Guy AUBIN, diacre Alain GAUDEUL, coordinateur pastoral paroissial L&rsquo;\u00e9quipe d&rsquo;animation pastorale Philippe RIO, cur\u00e9 Gilles BAUDRY, coop\u00e9rateur Alain GAUDEUL, coordinateur pastoral paroissial Mich\u00e8le MATEJKA, membre Isabelle CLAVIER, membre Claire DAVID, membre Muriel KLEIN, secr\u00e9taire administrative Le conseil paroissial missionnaire (CPM) Philippe RIO, cur\u00e9 Gilles [&hellip;]<\/p>\n","protected":false},"author":1,"featured_media":0,"parent":34,"menu_order":0,"comment_status":"closed","ping_status":"closed","template":"","meta":{"footnotes":""},"class_list":["post-2","page","type-page","status-publish","hentry"],"publishpress_future_action":{"enabled":false,"date":"2026-05-19 23:36:16","action":"change-status","newStatus":"draft","terms":[],"taxonomy":"","extraData":[]},"publishpress_future_workflow_manual_trigger":{"enabledWorkflows":[]},"_links":{"self":[{"href":"https:\/\/tejg.org\/index.php?rest_route=\/wp\/v2\/pages\/2","targetHints":{"allow":["GET"]}}],"collection":[{"href":"https:\/\/tejg.org\/index.php?rest_route=\/wp\/v2\/pages"}],"about":[{"href":"https:\/\/tejg.org\/index.php?rest_route=\/wp\/v2\/types\/page"}],"author":[{"embeddable":true,"href":"https:\/\/tejg.org\/index.php?rest_route=\/wp\/v2\/users\/1"}],"replies":[{"embeddable":true,"href":"https:\/\/tejg.org\/index.php?rest_route=%2Fwp%2Fv2%2Fcomments&post=2"}],"version-history":[{"count":15,"href":"https:\/\/tejg.org\/index.php?rest_route=\/wp\/v2\/pages\/2\/revisions"}],"predecessor-version":[{"id":3067,"href":"https:\/\/tejg.org\/index.php?rest_route=\/wp\/v2\/pages\/2\/revisions\/3067"}],"up":[{"embeddable":true,"href":"https:\/\/tejg.org\/index.php?rest_route=\/wp\/v2\/pages\/34"}],"wp:attachment":[{"href":"https:\/\/tejg.org\/index.php?rest_route=%2Fwp%2Fv2%2Fmedia&parent=2"}],"curies":[{"name":"wp","href":"https:\/\/api.w.org\/{rel}","templated":true}]}}