{"id":318,"date":"2021-11-28T20:30:24","date_gmt":"2021-11-28T19:30:24","guid":{"rendered":"https:\/\/paroissestjogeo.com\/?p=318"},"modified":"2021-11-28T20:30:24","modified_gmt":"2021-11-28T19:30:24","slug":"pastorale-des-prisons","status":"publish","type":"page","link":"https:\/\/tejg.org\/?page_id=318","title":{"rendered":"Pastorale des prisons"},"content":{"rendered":"\n<p><strong>La pastorale des prisons : l\u2019aum\u00f4nerie<\/strong><\/p>\n\n\n\n<p>Elle \u00e0 pour mission d\u2019\u00eatre une pr\u00e9sence d\u2019Eglise aupr\u00e8s des personnes incarc\u00e9r\u00e9s.<\/p>\n\n\n\n<p>Sa \u00ab mission \u00bb aupr\u00e8s de ces personnes s\u2019inscrit dans le message biblique de lib\u00e9ration.<br>Elle ne nie pas les difficiles probl\u00e8mes que posent les prisons et les trop nombreuses personnes victimes de la d\u00e9linquance.<br>Mais elle s\u2019appuie sur l\u2019id\u00e9e que toute personne humaine doit avoir devant elle un avenir possible.<\/p>\n\n\n\n<p>A Nantes, l\u2019aum\u00f4nerie catholique \u0153uvre particuli\u00e8rement dans les lieux suivants&nbsp;:<\/p>\n\n\n\n<p><strong>&#8211; Le centre de d\u00e9tention : situ\u00e9 \u00e0 Nantes Boulevard Einstein.<\/strong><\/p>\n\n\n\n<p>Il accueille des personnes d\u00e9j\u00e0 jug\u00e9es et condamn\u00e9es \u00e0 de longues peines.<br>L\u2019aum\u00f4nerie catholique est port\u00e9e par des aum\u00f4niers, hommes et femmes (La\u00efc, pr\u00eatre, diacre) avec une lettre de mission de l\u2019Ev\u00eaque.<br>Trois types de propositions sont faites :<br>. C\u00e9l\u00e9bration, chaque dimanche, dans un lieu de culte partag\u00e9 avec les autres religions.<br>. Temps de r\u00e9flexion.<br>. Rencontre des personnes, \u00e9coute, soutien. (tout d\u00e9tenu peut rencontrer un aum\u00f4nier).<\/p>\n\n\n\n<p>Contact de la Paroisse : L&nbsp;<\/p>\n\n\n\n<p><strong>&#8211; La Maison d\u2019Arr\u00eat : rue de la Mainguais sur Saint Joseph de Porterie.<\/strong><\/p>\n\n\n\n<p>Elle re\u00e7oit les personnes incarc\u00e9r\u00e9es avant leur jugement et les personnes jug\u00e9es avant leur transfert en centre de d\u00e9tention.<br>Elle comprend deux quartiers :<br>. Le Quartier de la Maison d\u2019Arr\u00eat des Hommes (QMAH)<br>. Le Quartier de la Maison d\u2019arr\u00eat des Femmes (QMAF)<\/p>\n\n\n\n<p>Contact de la paroisse : M-O qui intervient pour le QMAF<\/p>\n","protected":false},"excerpt":{"rendered":"<p>La pastorale des prisons : l\u2019aum\u00f4nerie Elle \u00e0 pour mission d\u2019\u00eatre une pr\u00e9sence d\u2019Eglise aupr\u00e8s des personnes incarc\u00e9r\u00e9s. Sa \u00ab mission \u00bb aupr\u00e8s de ces personnes s\u2019inscrit dans le message biblique de lib\u00e9ration.Elle ne nie pas les difficiles probl\u00e8mes que posent les prisons et les trop nombreuses personnes victimes de la d\u00e9linquance.Mais elle s\u2019appuie sur [&hellip;]<\/p>\n","protected":false},"author":1,"featured_media":0,"parent":641,"menu_order":0,"comment_status":"closed","ping_status":"closed","template":"","meta":{"footnotes":""},"class_list":["post-318","page","type-page","status-publish","hentry"],"publishpress_future_action":{"enabled":false,"date":"2026-05-06 14:18:05","action":"change-status","newStatus":"draft","terms":[],"taxonomy":"","extraData":[]},"publishpress_future_workflow_manual_trigger":{"enabledWorkflows":[]},"_links":{"self":[{"href":"https:\/\/tejg.org\/index.php?rest_route=\/wp\/v2\/pages\/318","targetHints":{"allow":["GET"]}}],"collection":[{"href":"https:\/\/tejg.org\/index.php?rest_route=\/wp\/v2\/pages"}],"about":[{"href":"https:\/\/tejg.org\/index.php?rest_route=\/wp\/v2\/types\/page"}],"author":[{"embeddable":true,"href":"https:\/\/tejg.org\/index.php?rest_route=\/wp\/v2\/users\/1"}],"replies":[{"embeddable":true,"href":"https:\/\/tejg.org\/index.php?rest_route=%2Fwp%2Fv2%2Fcomments&post=318"}],"version-history":[{"count":0,"href":"https:\/\/tejg.org\/index.php?rest_route=\/wp\/v2\/pages\/318\/revisions"}],"up":[{"embeddable":true,"href":"https:\/\/tejg.org\/index.php?rest_route=\/wp\/v2\/pages\/641"}],"wp:attachment":[{"href":"https:\/\/tejg.org\/index.php?rest_route=%2Fwp%2Fv2%2Fmedia&parent=318"}],"curies":[{"name":"wp","href":"https:\/\/api.w.org\/{rel}","templated":true}]}}

<p><strong>La pastorale des prisons : l’aumônerie</strong></p>



<p>Elle à pour mission d’être une présence d’Eglise auprès des personnes incarcérés.</p>



<p>Sa « mission » auprès de ces personnes s’inscrit dans le message biblique de libération.<br>Elle ne nie pas les difficiles problèmes que posent les prisons et les trop nombreuses personnes victimes de la délinquance.<br>Mais elle s’appuie sur l’idée que toute personne humaine doit avoir devant elle un avenir possible.</p>



<p>A Nantes, l’aumônerie catholique œuvre particulièrement dans les lieux suivants&nbsp;:</p>



<p><strong>&#8211; Le centre de détention : situé à Nantes Boulevard Einstein.</strong></p>



<p>Il accueille des personnes déjà jugées et condamnées à de longues peines.<br>L’aumônerie catholique est portée par des aumôniers, hommes et femmes (Laïc, prêtre, diacre) avec une lettre de mission de l’Evêque.<br>Trois types de propositions sont faites :<br>. Célébration, chaque dimanche, dans un lieu de culte partagé avec les autres religions.<br>. Temps de réflexion.<br>. Rencontre des personnes, écoute, soutien. (tout détenu peut rencontrer un aumônier).</p>



<p>Contact de la Paroisse : L&nbsp;</p>



<p><strong>&#8211; La Maison d’Arrêt : rue de la Mainguais sur Saint Joseph de Porterie.</strong></p>



<p>Elle reçoit les personnes incarcérées avant leur jugement et les personnes jugées avant leur transfert en centre de détention.<br>Elle comprend deux quartiers :<br>. Le Quartier de la Maison d’Arrêt des Hommes (QMAH)<br>. Le Quartier de la Maison d’arrêt des Femmes (QMAF)</p>



<p>Contact de la paroisse : M-O qui intervient pour le QMAF</p>

<p>La pastorale des prisons : l’aumônerie Elle à pour mission d’être une présence d’Eglise auprès des personnes incarcérés. Sa « mission » auprès de ces personnes s’inscrit dans le message biblique de libération.Elle ne nie pas les difficiles problèmes que posent les prisons et les trop nombreuses personnes victimes de la délinquance.Mais elle s’appuie sur [&hellip;]</p>
