{"id":324,"date":"2021-11-28T20:36:39","date_gmt":"2021-11-28T19:36:39","guid":{"rendered":"https:\/\/paroissestjogeo.com\/?p=324"},"modified":"2021-11-28T20:36:39","modified_gmt":"2021-11-28T19:36:39","slug":"conference-st-vincent-de-paul","status":"publish","type":"page","link":"https:\/\/tejg.org\/?page_id=324","title":{"rendered":"Conf\u00e9rence St-Vincent-de-Paul"},"content":{"rendered":"\n<p><strong>La Soci\u00e9t\u00e9 de Saint-Vincent-de-Paul (SSVP<\/strong>&nbsp;France) est une association catholique, reconnue d\u2019utilit\u00e9 publique.&nbsp;<\/p>\n\n\n\n<p>La charit\u00e9 de proximit\u00e9 au service des personnes seules et d\u00e9munies est le c\u0153ur d\u2019action de la SSVP.<\/p>\n\n\n\n<p>Les b\u00e9n\u00e9voles agissent en \u00e9quipes fraternelles appel\u00e9es \u00ab\u00a0<strong>conf\u00e9rences<\/strong>\u00a0\u00bb&nbsp;Ils interviennent pr\u00e8s de chez eux, dans leurs villes ou communes et accompagnent les personnes dans la dur\u00e9e.Leurs actions sont simples et discr\u00e8tes mais r\u00e9pondent toujours \u00e0 un besoin local.<\/p>\n\n\n\n<p>Historiquement, l\u2019action phare de la Soci\u00e9t\u00e9 de Saint-Vincent-de-Paul est la visite \u00e0 domicile.<\/p>\n\n\n\n<p>L\u2019association vit de dons, est plac\u00e9e sous le patronage de saint Vincent de Paul, et les b\u00e9n\u00e9voles agissent dans l\u2019esprit de la spiritualit\u00e9 vincentienne.<\/p>\n\n\n\n<p><strong>Notre Paroisse est rattach\u00e9e \u00e0 la Conf\u00e9rence de la Trinit\u00e9 de l\u2019Eraudi\u00e8re.<\/strong>Les b\u00e9n\u00e9voles se mettent au service de leurs fr\u00e8res qui souffrent de la pauvret\u00e9, de l\u2019exclusion, de la solitude,&nbsp;par une aide morale, pratique et ou financi\u00e8re.Soucieux de d\u00e9velopper le combat contre la solitude, ils ne peuvent y parvenir qu\u2019avec votre soutien et celui de tous leurs amis. Vous, peut-\u00eatre ?Nous devons poursuivre le combat que nous avons lanc\u00e9 parce que c\u2019est un devoir de Fraternit\u00e9.&nbsp;Contacts : L\u2019\u00e9quipe de la Soci\u00e9t\u00e9 Saint Vincent de Paul de la Trinit\u00e9 de l\u2019Eraudi\u00e8re.<\/p>\n","protected":false},"excerpt":{"rendered":"<p>La Soci\u00e9t\u00e9 de Saint-Vincent-de-Paul (SSVP&nbsp;France) est une association catholique, reconnue d\u2019utilit\u00e9 publique.&nbsp; La charit\u00e9 de proximit\u00e9 au service des personnes seules et d\u00e9munies est le c\u0153ur d\u2019action de la SSVP. Les b\u00e9n\u00e9voles agissent en \u00e9quipes fraternelles appel\u00e9es \u00ab\u00a0conf\u00e9rences\u00a0\u00bb&nbsp;Ils interviennent pr\u00e8s de chez eux, dans leurs villes ou communes et accompagnent les personnes dans la dur\u00e9e.Leurs [&hellip;]<\/p>\n","protected":false},"author":1,"featured_media":0,"parent":641,"menu_order":0,"comment_status":"closed","ping_status":"closed","template":"","meta":{"footnotes":""},"class_list":["post-324","page","type-page","status-publish","hentry"],"publishpress_future_action":{"enabled":false,"date":"2026-05-08 04:08:45","action":"change-status","newStatus":"draft","terms":[],"taxonomy":"","extraData":[]},"publishpress_future_workflow_manual_trigger":{"enabledWorkflows":[]},"_links":{"self":[{"href":"https:\/\/tejg.org\/index.php?rest_route=\/wp\/v2\/pages\/324","targetHints":{"allow":["GET"]}}],"collection":[{"href":"https:\/\/tejg.org\/index.php?rest_route=\/wp\/v2\/pages"}],"about":[{"href":"https:\/\/tejg.org\/index.php?rest_route=\/wp\/v2\/types\/page"}],"author":[{"embeddable":true,"href":"https:\/\/tejg.org\/index.php?rest_route=\/wp\/v2\/users\/1"}],"replies":[{"embeddable":true,"href":"https:\/\/tejg.org\/index.php?rest_route=%2Fwp%2Fv2%2Fcomments&post=324"}],"version-history":[{"count":0,"href":"https:\/\/tejg.org\/index.php?rest_route=\/wp\/v2\/pages\/324\/revisions"}],"up":[{"embeddable":true,"href":"https:\/\/tejg.org\/index.php?rest_route=\/wp\/v2\/pages\/641"}],"wp:attachment":[{"href":"https:\/\/tejg.org\/index.php?rest_route=%2Fwp%2Fv2%2Fmedia&parent=324"}],"curies":[{"name":"wp","href":"https:\/\/api.w.org\/{rel}","templated":true}]}}