{"id":38,"date":"2019-11-01T22:13:13","date_gmt":"2019-11-01T21:13:13","guid":{"rendered":"http:\/\/test.trinitedeleraudiere.fr\/?page_id=38"},"modified":"2019-11-01T22:13:13","modified_gmt":"2019-11-01T21:13:13","slug":"demander-le-bapteme-pour-son-enfant","status":"publish","type":"page","link":"https:\/\/tejg.org\/?page_id=38","title":{"rendered":"Demander le bapt\u00eame pour mon enfant de moins de 3 ans"},"content":{"rendered":"\n<p><strong>Pour qui ?<br><\/strong>Les parents d&rsquo;un enfant de moins de 3 ans souhaitant le faire baptiser.<br><strong>Comment ?<\/strong><br>La pr\u00e9paration \u00e0 ce premier sacrement de l\u2019\u00c9glise se vit en quatre \u00e9tapes :<br> \u2714 Un temps d&rsquo;accueil et de pr\u00e9sentation pour finaliser l&rsquo;inscription et \u00e9changer autour du bapt\u00eame chr\u00e9tien et du sens de votre d\u00e9marche. Il vous sera pr\u00e9sent\u00e9 le d\u00e9roulement concret du bapt\u00eame.<br> \u2714 Deux r\u00e9unions d&rsquo;\u00e9changes dont une sur la Bible et la deuxi\u00e8me sur la foi chr\u00e9tienne.<br> \u2714 Une rencontre le mardi soir avant le bapt\u00eame, avec les familles que vous retrouverez le jour J et le pr\u00eatre pour pr\u00e9parer la c\u00e9r\u00e9monie de bapt\u00eame.<br><em>En janvier, une messe est c\u00e9l\u00e9br\u00e9e pour les baptis\u00e9s de l&rsquo;ann\u00e9e pr\u00e9c\u00e9dente, vous serez invit\u00e9s \u00e0 y participer.<\/em><br><strong>O\u00f9 ?<\/strong><br>Les r\u00e9unions ont toutes lieu \u00e0 l&rsquo;\u00e9glise St Bernard.<br><strong>Quand ?<br><\/strong>Un planning des r\u00e9unions est pr\u00eat. Merci d&rsquo;envoyer un courriel \u00e0 l&rsquo;adresse <strong><em><span class=\"has-inline-color has-bright-red-color\">bapteme@trinitedeleraudiere.fr<\/span><\/em><\/strong> pour conna\u00eetre les dates et vous inscrire. Pr\u00e9voir un d\u00e9lai de 4 mois environ pour faire le cycle.<\/p>\n","protected":false},"excerpt":{"rendered":"<p>Pour qui ?Les parents d&rsquo;un enfant de moins de 3 ans souhaitant le faire baptiser.Comment ?La pr\u00e9paration \u00e0 ce premier sacrement de l\u2019\u00c9glise se vit en quatre \u00e9tapes : \u2714 Un temps d&rsquo;accueil et de pr\u00e9sentation pour finaliser l&rsquo;inscription et \u00e9changer autour du bapt\u00eame chr\u00e9tien et du sens de votre d\u00e9marche. Il vous sera pr\u00e9sent\u00e9 [&hellip;]<\/p>\n","protected":false},"author":1,"featured_media":0,"parent":1761,"menu_order":0,"comment_status":"closed","ping_status":"closed","template":"","meta":{"footnotes":""},"class_list":["post-38","page","type-page","status-publish","hentry"],"publishpress_future_action":{"enabled":false,"date":"2026-05-06 07:35:21","action":"change-status","newStatus":"draft","terms":[],"taxonomy":"","extraData":[]},"publishpress_future_workflow_manual_trigger":{"enabledWorkflows":[]},"_links":{"self":[{"href":"https:\/\/tejg.org\/index.php?rest_route=\/wp\/v2\/pages\/38","targetHints":{"allow":["GET"]}}],"collection":[{"href":"https:\/\/tejg.org\/index.php?rest_route=\/wp\/v2\/pages"}],"about":[{"href":"https:\/\/tejg.org\/index.php?rest_route=\/wp\/v2\/types\/page"}],"author":[{"embeddable":true,"href":"https:\/\/tejg.org\/index.php?rest_route=\/wp\/v2\/users\/1"}],"replies":[{"embeddable":true,"href":"https:\/\/tejg.org\/index.php?rest_route=%2Fwp%2Fv2%2Fcomments&post=38"}],"version-history":[{"count":0,"href":"https:\/\/tejg.org\/index.php?rest_route=\/wp\/v2\/pages\/38\/revisions"}],"up":[{"embeddable":true,"href":"https:\/\/tejg.org\/index.php?rest_route=\/wp\/v2\/pages\/1761"}],"wp:attachment":[{"href":"https:\/\/tejg.org\/index.php?rest_route=%2Fwp%2Fv2%2Fmedia&parent=38"}],"curies":[{"name":"wp","href":"https:\/\/api.w.org\/{rel}","templated":true}]}}

Demander le baptême pour mon enfant de moins de 3 ans

<p><strong>Pour qui ?<br></strong>Les parents d&rsquo;un enfant de moins de 3 ans souhaitant le faire baptiser.<br><strong>Comment ?</strong><br>La préparation à ce premier sacrement de l’Église se vit en quatre étapes :<br> ✔ Un temps d&rsquo;accueil et de présentation pour finaliser l&rsquo;inscription et échanger autour du baptême chrétien et du sens de votre démarche. Il vous sera présenté le déroulement concret du baptême.<br> ✔ Deux réunions d&rsquo;échanges dont une sur la Bible et la deuxième sur la foi chrétienne.<br> ✔ Une rencontre le mardi soir avant le baptême, avec les familles que vous retrouverez le jour J et le prêtre pour préparer la cérémonie de baptême.<br><em>En janvier, une messe est célébrée pour les baptisés de l&rsquo;année précédente, vous serez invités à y participer.</em><br><strong>Où ?</strong><br>Les réunions ont toutes lieu à l&rsquo;église St Bernard.<br><strong>Quand ?<br></strong>Un planning des réunions est prêt. Merci d&rsquo;envoyer un courriel à l&rsquo;adresse <strong><em><span class="has-inline-color has-bright-red-color">bapteme@trinitedeleraudiere.fr</span></em></strong> pour connaître les dates et vous inscrire. Prévoir un délai de 4 mois environ pour faire le cycle.</p>

<p>Pour qui ?Les parents d&rsquo;un enfant de moins de 3 ans souhaitant le faire baptiser.Comment ?La préparation à ce premier sacrement de l’Église se vit en quatre étapes : ✔ Un temps d&rsquo;accueil et de présentation pour finaliser l&rsquo;inscription et échanger autour du baptême chrétien et du sens de votre démarche. Il vous sera présenté [&hellip;]</p>
